t is the units digit of 9330352?
2
What is the hundreds digit of 18185952?
9
What is the millions digit of 2881144?
2
What is the millions digit of 1067056?
1
What is the hundreds digit of 256398?
3
What is the thousands digit of 223630?
3
What is the ten thousands digit of 1495001?
9
What is the millions digit of 9013574?
9
What is the tens digit of 2647488?
8
What is the tens digit of 1230881?
8
What is the tens digit of 1129500?
0
What is the hundred thousands digit of 4749940?
7
What is the units digit of 1277475?
5
What is the tens digit of 260512?
1
What is the hundred thousands digit of 506248?
5
What is the hundred thousands digit of 4104600?
1
What is the tens digit of 131281?
8
What is the ten thousands digit of 4578344?
7
What is the ten millions digit of 22312361?
2
What is the tens digit of 3783343?
4
What is the thousands digit of 135422?
5
What is the tens digit of 15737139?
3
What is the hundred thousands digit of 760784?
7
What is the millions digit of 2553853?
2
What is the thousands digit of 6003739?
3
What is the units digit of 12736?
6
What is the thousands digit of 88370?
8
What is the units digit of 124812?
2
What is the ten thousands digit of 11338212?
3
What is the thousands digit of 255061?
5
What is the tens digit of 26058939?
3
What is the hundreds digit of 177197?
1
What is the tens digit of 2723731?
3
What is the hundred thousands digit of 10490111?
4
What is the tens digit of 387506?
0
What is the units digit of 11333882?
2
What is the tens digit of 10145502?
0
What is the units digit of 4888?
8
What is the hundred thousands digit of 5473821?
4
What is the ten millions digit of 24061384?
2
What is the hundred thousands digit of 211451?
2
What is the tens digit of 1884733?
3
What is the tens digit of 652346?
4
What is the millions digit of 2985216?
2
What is the units digit of 3354028?
8
What is the tens digit of 370663?
6
What is the hundred thousands digit of 5917824?
9
What is the units digit of 1401600?
0
What is the ten thousands digit of 357108?
5
What is the hundreds digit of 2659302?
3
What is the tens digit of 1476372?
7
What is the hundreds digit of 184563?
5
What is the thousands digit of 54522?
4
What is the millions digit of 3896274?
3
What is the units digit of 435113?
3
What is the hundreds digit of 86377?
3
What is the ten thousands digit of 13552018?
5
What is the units digit of 159614?
4
What is the millions digit of 3841857?
3
What is the hundred thousands digit of 9013653?
0
What is the hundreds digit of 339078?
0
What is the hundred thousands digit of 586133?
5
What is the tens digit of 323307?
0
What is the units digit of 951064?
4
What is the thousands digit of 54035?
4
What is the tens digit of 858221?
2
What is the ten thousands digit of 1463430?
6
What is the thousands digit of 692655?
2
What is the ten thousands digit of 1481644?
8
What is the thousands digit of 86453?
6
What is the hundred thousands digit of 225258?
2
What is the units digit of 352082?
2
What is the tens digit of 13825?
2
What is the units digit of 56807?
7
What is the hundreds digit of 1799700?
7
What is the hundreds digit of 546992?
9
What is the tens digit of 107170?
7
What is the ten thousands digit of 1247705?
4
What is the units digit of 79752?
2
What is the units digit of 263519?
9
What is the tens digit of 218767?
6
What is the units digit of 3134946?
6
What is the thousands digit of 152660?
2
What is the thousands digit of 132803?
2
What is the units digit of 202730?
0
What is the hundreds digit of 2120871?
8
What is the ten thousands digit of 571979?
7
What is the tens digit of 2709146?
4
What is the hundreds digit of 104823?
8
What is the hundred thousands digit of 382397?
3
What is the hundred thousands digit of 4216137?
2
What is the ten thousands digit of 1834242?
3
What is the thousands digit of 10127?
0
What is the hundred thousands digit of 6064350?
0
What is the units digit of 7303914?
4
What is the hundred thousands digit of 2045049?
0
What is the hundreds digit of 7228079?
0
What is the hundreds digit of 395188?
1
What is the thousands digit of 17328632?
8
What is the hundred thousands digit of 180295?
1
What is the tens digit of 12282?
8
What is the tens digit of 1279514?
1
What is the hundred thousands digit of 289702?
2
What is the millions digit of 21061795?
1
What is the units digit of 20338915?
5
What is the ten thousands digit of 949989?
4
What is the units digit of 138371?
1
What is the hundred thousands digit of 1543385?
5
What is the ten millions digit of 11481445?
1
What is the ten millions digit of 17611792?
1
What is the units digit of 3173231?
1
What is the hundred thousands digit of 619994?
6
What is the hundreds digit of 85967?
9
What is the ten thousands digit of 1630784?
3
What is the units digit of 2218282?
2
What is the tens digit of 67913?
1
What is the hundreds digit of 64225?
2
What is the hundred thousands digit of 306160?
3
What is the units digit of 2609213?
3
What is the tens digit of 13682614?
1
What is the tens digit of 283309?
0
What is the thousands digit of 3653866?
3
What is the units digit of 56314?
4
What is the hundred thousands digit of 431911?
4
What is the tens digit of 8708170?
7
What is the hundred thousands digit of 783742?
7
What is the hundred thousands digit of 4708977?
7
What is the ten thousands digit of 16754782?
5
What is the units digit of 427643?
3
What is the tens digit of 2685408?
0
What is the hundred thousands digit of 6864519?
8
What is the units digit of 182167?
7
What is the tens digit of 662397?
9
What is the ten thousands digit of 219823?
1
What is the ten thousands digit of 2426933?
2
What is the hundreds digit of 215890?
8
What is the hundreds digit of 431333?
3
What is the ten thousands digit of 20588246?
8
What is the hundreds digit of 1263708?
7
What is the ten thousands digit of 2056291?
5
What is the ten thousands digit of 1227164?
2
What is the ten thousands digit of 1579507?
7
What is the units digit of 206093?
3
What is the millions digit of 2702968?
2
What is the millions digit of 2063922?
2
What is the hundred thousands digit of 33322717?
3
What is the ten thousands digit of 472129?
7
What is the units digit of 12899048?
8
What is the thousands digit of 3546835?
6
What is the units digit of 308140?
0
What is the ten thousands digit of 67101?
6
What is the units digit of 1823579?
9
What is the hundred thousands digit of 2345079?
3
What is the ten thousands digit of 12817?
1
What is the units digit of 128905?
5
What is the ten thousands digit of 494789?
9
What is the units digit of 22541?
1
What is the ten thousands digit of 3011633?
1
What is the ten thousands digit of 127723?
2
What is the tens digit of 331545?
4
What is the ten thousands digit of 395586?
9
What is the units digit of 158590?
0
What is the tens digit of 12485?
8
What is the tens digit of 191715?
1
What is the ten thousands digit of 91309?
9
What is the thousands digit of 7441507?
1
What is the millions digit of 10043164?
0
What is the hundreds digit of 11992937?
9
What is the hundreds digit of 14728466?
4
What is the units digit of 305867?
7
What is the hundred thousands digit of 1737992?
7
What is the tens digit of 515441?
4
What is the ten thousands digit of 471267?
7
What is the tens digit of 10435801?
0
What is the ten thousands digit of 2944163?
4
What is the millions digit of 8168003?
8
What is the units digit of 2004744?
4
What is the hundred thousands digit of 757133?
7
What is the ten thousands digit of 4598284?
9
What is the hundreds digit of 10129332?
3
What is the ten thousands digit of 7876922?
7
What is the ten millions digit of 13754281?
1
What is the thousands digit of 16406232?
6
What is the millions digit of 1609077?
1
What is the hundreds digit of 8954331?
3
What is the millions digit of 1265950?
1
What is the tens digit of 80934?
3
What is the tens digit of 157282?
8
What is the hundred thousands digit of 1396146?
3
What is the hundreds digit of 4116038?
0
What is the thousands digit of 1184264?
4
What is the tens digit of 431061?
6
What is the millions digit of 3719612?
3
What is the units digit of 123723?
3
What is the ten thousands digit of 5705765?
0
What is the tens digit of 733633?
3
What is the millions digit of 7650243?
7
What is t